9 = -2*w + 4*w. Let z = l + -12. List the prime factors of z.
13
List the prime factors of (81248/192)/(-3 - (-38)/12).
2539
Suppose 4 = 2*w - 4. Suppose -w*g = g - 10. Suppose 18 - 114 = -g*m. List the prime factors of m.
2, 3
Let q(o) = 4*o**2 + 6*o + 4. Let a be q(-5). Let i = a - 43. List the prime factors of i.
31
List the prime factors of (23/2)/(-8 - 3367/(-420)).
2, 3, 5, 23
Let v = 1400 + -987. List the prime factors of v.
7, 59
Suppose -3*y = h - 151, 6*y - 102 = 4*y - h. Let o = y - -15. List the prime factors of o.
2
Let i be 35/(-3) - (-22)/33. Let r(a) = -7*a + 23. List the prime factors of r(i).
2, 5
Let d = 22 - 24. What are the prime factors of 1/(-3) - (d + 112/(-3))?
3, 13
What are the prime factors of 785 + 27/(-3) + 1?
3, 7, 37
Let o = -77 - -79. Suppose -g - 2*j = -109, -2*j = -o*g - 46 + 282. List the prime factors of g.
5, 23
Let w(p) be the third derivative of -p**4/12 + 4*p**3/3 - 3*p**2. List the prime factors of w(0).
2
What are the prime factors of (-5473)/(-39) - (-6)/9?
3, 47
Let h be 3*(0 - 26/(-6)). Let z = h - 11. Let r(g) = 3*g**3 + 2*g**2 + 3*g - 4. List the prime factors of r(z).
2, 17
Suppose 4*r + 102 - 286 = 0. Suppose -3*i - 2*u = -40, -4*i - u + r = -2*u. Suppose -b - 47 = -c, i = -4*b - 0*b. What are the prime factors of c?
2, 11
Suppose -6*c - 3*c - 117 = 0. What are the prime factors of (12 - c) + 3 + -1?
3
Let f(l) = -l**3 - 27*l**2 + 63*l + 144. List the prime factors of f(-30).
2, 3, 53
List the prime factors of (-23 - -150)/(1 - (-2)/(-4)).
2, 127
Suppose 35*y + 2789 = 7829. What are the prime factors of y?
2, 3
Let f be 2/6 + (-2740)/12. Let h be f/(-9)*15/10. Suppose 3*q - 58 = h. What are the prime factors of q?
2
Suppose -15334 = 307*g - 318*g. What are the prime factors of g?
2, 17, 41
Suppose 6 = 5*w - 4. Suppose 2*j + 4*c - 23 = -j, w*j + 2*c - 14 = 0. Suppose -5*f - 2*x + 243 = 0, 5*f + j*x = 100 + 155. What are the prime factors of f?
47
Suppose 30*z - 35*z = -18005. What are the prime factors of z?
13, 277
Suppose -2*l + 11 = l + 4*u, -5*u = -2*l - 8. Let t(f) = 64*f**3 - 3*f**2 + 2. What are the prime factors of t(l)?
3, 7
Suppose -3*w = -2*c - 2943, -c + 4918 = 19*w - 14*w. What are the prime factors of w?
983
Let r be ((-532)/21)/((-2)/15). Let u = 9 + r. List the prime factors of u.
199
Suppose 4*w - 2*l + 14 = 0, -6*l = -3*w - 2*l - 3. Let f = 0 - w. What are the prime factors of 35 + 5/(f/(-3))?
2
Suppose 16*t = 12*t + 680. List the prime factors of t.
2, 5, 17
Let i = 3108 + 1921. List the prime factors of i.
47, 107
Let p(b) = 74*b - 349. What are the prime factors of p(27)?
17, 97
Suppose 2*h + 2*p = 12 + 2, h - p - 1 = 0. Suppose -h*z + c = -3*c + 84, 3*c = -3*z - 63. Let x = 23 + z. List the prime factors of x.
2
Suppose -k = -0*k - 1. Let c = 16 - k. List the prime factors of c.
3, 5
Let i = 12 - 3. Let j(p) = 4*p - 17*p + 8*p + i*p. List the prime factors of j(3).
2, 3
Suppose 2*j - 4*c - 5 = 5, -c = -1. Suppose -5*g - 242 = -j*g. What are the prime factors of g?
11
Suppose -10*l - 2112 = -2*o - 12*l, 5296 = 5*o - 3*l. List the prime factors of o.
2, 23
Suppose 5*v + 0*v + 320 = 0. Let i be v/(-28) - (-2)/(-7). Suppose r + i*r - 69 = 0. What are the prime factors of r?
23
Suppose -5*h = -5*o - 0*o - 610, 4*h = -2*o + 470. Let b = h + -47. List the prime factors of b.
2, 3
Let f = 30 - 27. Suppose 0 = f*d - 3 - 12. Suppose -r - 272 = -d*r. List the prime factors of r.
2, 17
Let z(q) be the first derivative of q**2/2 - 9*q + 13. Let u be z(4). Let y(m) = 2*m**2 + 11*m + 7. List the prime factors of y(u).
2
Let o(y) = y**3 + 5*y**2 - 4*y + 40. List the prime factors of o(-6).
2, 7
Let w be ((-2)/2)/((-3)/6). Suppose -90 - 78 = -7*j. Suppose 4*b = -w*b + j. List the prime factors of b.
2
Let w = 6 - -7. Suppose -3*n + 57 = -5*r, 5*n - 5*r + w = 7*n. What are the prime factors of n?
2, 7
Let v(a) = 3*a**2 + a + 17. Let k(f) = -f**2 - f. Let h(r) = 2*k(r) + v(r). List the prime factors of h(-9).
107
Let w be (-76)/(-8) + -6 - 1/2. Suppose -w*j = p - 212, 8*j = -4*p + 4*j + 832. List the prime factors of p.
2, 103
Let u be ((-3)/(-4))/((-1)/4). Let p(t) = -12*t**2 + 3*t - 1. Let v(f) = -7*f**2 + 2*f. Let d(q) = 4*p(q) - 7*v(q). List the prime factors of d(u).
11
Suppose 26*x = 2866 + 5974. List the prime factors of x.
2, 5, 17
Let z be 12 + -6 + (-1 - 1). Let g(b) = 23*b - 6. Let n(y) = 8*y - 2. Let j(h) = 3*g(h) - 8*n(h). List the prime factors of j(z).
2, 3
Suppose 2*r = 2*x + 4*r - 10536, -2*r = -10. What are the prime factors of x?
19, 277
Let m be ((-6)/2)/(-6 + (3 - -2)). Suppose v - 2 = 0, 3*r - 46 - 281 = m*v. What are the prime factors of r?
3, 37
Let a be (10/20)/(23/(-24) + 1). Suppose i + a = 41. List the prime factors of i.
29
Let y(z) = 646*z + 7. What are the prime factors of y(2)?
3, 433
Let n be 46/7 - (-24)/56. Let b(i) = -i + 7. Let q be b(n). What are the prime factors of q - -2*(19 + -3)?
2
Let c be 6 - (2 + 0 + 0). Suppose -c*m + 1 = -3. What are the prime factors of (-16 - 1)/(m + -2)?
17
Let d(c) = -6*c - 1. Let n be d(-1). Let k(o) = 105*o + 4*o**2 - 4 - 9*o**3 - 98*o + 8*o**3. List the prime factors of k(n).
2, 3
List the prime factors of ((-2)/4)/(19/(-208924)).
2, 2749
Let j = 3921 + -2661. List the prime factors of j.
2, 3, 5, 7
Let z(w) = -11*w - 20. Let j be z(-3). Suppose -j*g - 834 = -19*g. List the prime factors of g.
139
Suppose 4*h = 5*a - 40 - 20, 2*h = 3*a - 34. Suppose -3*x + a*x - 20 = 0. List the prime factors of x.
2
Let w = 9238 - 6002. List the prime factors of w.
2, 809
Let i be (-2 - 1717)/(3/(-3)). Suppose 0 = -5*a - 5*x + i - 549, -a + 222 = 5*x. List the prime factors of a.
3, 79
Suppose 2*w + 4 = 0, 4*i + 2*w - 633 = 251. Suppose -2*j = j - i. List the prime factors of j.
2, 37
Suppose 590 = 2*h - 350. What are the prime factors of h?
2, 5, 47
Let l = 1360 + -504. What are the prime factors of l?
2, 107
Let r = -413 - -695. Suppose 10*k = 1738 + r. List the prime factors of k.
2, 101
Let v = 70 + 550. List the prime factors of v.
2, 5, 31
Let s(r) be the first derivative of -10*r**2 - r - 8. Let q be s(-2). List the prime factors of (-4)/6 - (-2249)/q.
3, 19
What are the prime factors of (4/(-12))/((-13)/16575)?
5, 17
Suppose -15 = 3*h, -5*c + 4*h = -8*c + 1282. List the prime factors of c.
2, 7, 31
Suppose c - 33 = -1. Let k = 27 - c. Let h = 22 + k. List the prime factors of h.
17
Let f(i) = 8*i + 53. Let x be f(-6). List the prime factors of (-1)/(2604/522 - x).
3, 29
Let c = -7 + 36. Suppose r - f - c = 3*f, -9 = 3*f. Suppose 0 = -j - 0 + r. What are the prime factors of j?
17
Let u(y) = 15*y - 1. Let w be u(1). Let a(f) = f**2 + 7*f + 7. Let k be a(-6). Let j = w + k. What are the prime factors of j?
3, 5
Let z(n) = -15*n**2 - 8*n - 13. Let o be z(-4). Let l = -136 - o. What are the prime factors of l?
5, 17
Let y(o) = -o**3 + 5*o**2 - 3*o - 1. Let z(h) = 4*h - 60. Let s be z(16). What are the prime factors of y(s)?
3
Let u(n) = 3*n**2 - 11*n + 91. List the prime factors of u(10).
281
Suppose -5*f - 7*g + 1065 = -2*g, -3*f + 3*g = -651. Let p = f - 120. What are the prime factors of p?
5, 19
Suppose -3*s = -0*s. Let m be 26 - (0 + s + 2). Let o = 58 - m. What are the prime factors of o?
2, 17
List the prime factors of 6/(-33) - (5 - 48245/55).
2, 109
Suppose -3*x + 1326 - 4222 = -z, 0 = 2*z - x - 5797. List the prime factors of z.
13, 223
Suppose 126 = -5*p - 954. Let u be (-9)/15 + p/(-10). Suppose 0*j - u = -4*m + 3*j, -2*m + 2*j + 12 = 0. List the prime factors of m.
3
Let f = -19 + 53. Let s = -5 - -26. Let p = f - s. List the prime factors of p.
13
What are the prime factors of 518 - (-4 + 16/4 - 3)?
521
Suppose 0 = 3*u - 4*u + 472. What are the prime factors of u?
2, 59
Let g be (45/20 + -2)*0. Let u(s) = s**3 + 48. List the prime factors of u(g).
2, 3
Suppose 2*c + 10*z = 11*z + 574, 0 = 3*z. Let o = c - 136. What are the prime factors of o?
151
Let j be 82/26 - (48/(-26) + 2). Suppose k + j*q - 495 = -k, 5*q = -3*k + 745. What are the prime factors of k?
2, 3, 5
Suppose -3*q = -7*q. Suppose 3*f - 19 - 11 = q. List the prime factors of 5*4*f/20.
2, 5
Let m = 89 - 44. Suppose -2*x + 103 + m = 0. Let v = -11 + x. List the prime factors of v.
3, 7
Suppose -14 = -6*p - 62. Let c be (-4 + p)*2/(-6). Suppose -l + z = -5